{"id":1977,"date":"2017-09-25T13:45:34","date_gmt":"2017-09-25T12:45:34","guid":{"rendered":"http:\/\/www.cegea.upv.es\/?page_id=1977"},"modified":"2024-10-04T13:04:45","modified_gmt":"2024-10-04T12:04:45","slug":"congresos-jornadas-y-workshops","status":"publish","type":"page","link":"https:\/\/cegea.upv.es\/?page_id=1977","title":{"rendered":"Workshops, Congresos y Jornadas"},"content":{"rendered":"<h2>Workshops organizados por la C\u00e1tedra de Integraci\u00f3n Empresarial de Cooperativas Agroalimentarias (CATIECA)<\/h2>\n<ul>\n<li><a href=\"https:\/\/www.cegea.upv.es\/wp-content\/uploads\/2023\/04\/Reputacion-corporativa.pdf\">(2022) Reputaci\u00f3n corporativa y responsabilidad social corporativas en las empresas cooperativas<\/a><\/li>\n<li><a href=\"https:\/\/www.cegea.upv.es\/wp-content\/uploads\/2022\/09\/Workshop-CATIECA.pdf\">(2022) Workshop Internacional: Modelos y Experiencias de Integraci\u00f3n Empresarial Cooperativa.<\/a><\/li>\n<\/ul>\n<h2>Workshops econom\u00eda social, catedra\u00a0 econom\u00eda social CAJAMAR-UPV<\/h2>\n<ul>\n<li><a href=\"http:\/\/www.cegea.upv.es\/2018\/10\/11\/workshop-2018\/\">(2018)\u00a0 Workshop: Las EAP y los procesos de integraci\u00f3n cooperativa. La respuesta ante un mercado global competitivo.<\/a><\/li>\n<li><a href=\"http:\/\/www.cegea.upv.es\/workshop-internacional\/\">(2017) <\/a><a href=\"http:\/\/www.cegea.upv.es\/workshop-internacional\/\"> Workshop: Modelos organizacionales y de gobierno de las cooperativas agroalimentarias a la luz de los nuevos retos.<\/a><\/li>\n<li><a href=\"http:\/\/www.cegea.upv.es\/2016\/05\/31\/workshop-cegea-septiembre-2016\/\">(2016) <\/a><a href=\"http:\/\/www.cegea.upv.es\/2016\/05\/31\/workshop-cegea-septiembre-2016\/\"> Workshop: Integraci\u00f3n y modelos de crecimiento en el cooperativismo agroalimentario. Referentes internacionales de \u00e9xito. <\/a><\/li>\n<li><a href=\"http:\/\/www.cegea.upv.es\/2015\/11\/13\/workshop-internacional-nuevos-sistemas-de-gobierno-en-la-economia-social\/\">(2015) <\/a><a href=\"http:\/\/www.cegea.upv.es\/2015\/11\/13\/workshop-internacional-nuevos-sistemas-de-gobierno-en-la-economia-social\/\"> Workshop: Nuevos sistemas de gobierno en la Econom\u00eda Social.<\/a><\/li>\n<li><a href=\"http:\/\/www.cegea.upv.es\/2014\/07\/22\/workshop-internacional-nuevos-modelos-empresariales-en-el-cooperativismo-agroalimentario\/\">(2014) Workshop: Nuevos modelos empresariales en el cooperativismo agroalimentario.<\/a><\/li>\n<\/ul>\n<h2>Congresos<\/h2>\n<ul>\n<li style=\"text-align: justify\"><a href=\"https:\/\/www.cegea-eventos-25aniversario.com\/\">(2025) CEGEA. Congreso Internacional sobre Econom\u00eda y Derecho de la Empresa Agroalimentaria y Cooperativa (CIEDEAC).<\/a><\/li>\n<li><a href=\"https:\/\/congresoretosagroalimentario.blogs.upv.es\/\">(2021) CEGEA. Congreso Internacional \u00abRetos del sector agroalimentario\u00bb: competencia y propiedad industrial.<\/a><\/li>\n<li><a href=\"http:\/\/www.accoop.org\/conferences\/international-workshop-on-accounting-for-cooperatives\/\">(2011) CEGEA. International Workshop on Accounting for Cooperativas.<\/a><\/li>\n<li><a href=\"http:\/\/www.aeca1.org\/xivcongresoaeca\/principal.htm\">(2007) AECA. XlV Congreso. Empres y Sociedad: respondiendo al cambio.<\/a><\/li>\n<li><a href=\"http:\/\/www.cegea.upv.es\/2004\/11\/11\/congreso-internacional-de-cooperativismo-agrario-y-desarrollo-rural-2004\/\">(2004) CEGEA. Congreso Internacional de \u201cCooperativismo agrario y desarrollo rural\u201d 25 aniversario CEGEA.<\/a><\/li>\n<li><a href=\"http:\/\/www.cegea.upv.es\/2003\/11\/06\/congreso-fiscalidad-agraria\/\">(2001) CEGEA. Congreso de Fiscalidad Agraria.<\/a><\/li>\n<\/ul>\n<h2>Jornadas<\/h2>\n<ul>\n<li><a href=\"http:\/\/www.cegea.upv.es\/2014\/05\/28\/jornadas-2014\/\">(2014) CEGEA. III Jornadas de Emprendimiento Social y Colectivo.<\/a><\/li>\n<li><a href=\"http:\/\/www.cegea.upv.es\/2012\/12\/14\/jornadas-2012\/\">(2012) CEGEA. II Jornadas sobre Emprendimiento Social y Colectivo.<\/a><\/li>\n<li><a href=\"http:\/\/www.cegea.upv.es\/2011\/11\/17\/enuies-2011-2\/\">(2011) ENUIES.III Encuentro Nacional de Institutos y Centros Universitarios de Investigaci\u00f3n en Econom\u00eda Social.<\/a><\/li>\n<li><a href=\"http:\/\/www.cegea.upv.es\/2007\/12\/15\/enuies-2007\/\">(2007) ENUIES.II Encuentro Nacional de Institutos y Centros Universitarios de Investigaci\u00f3n en Econom\u00eda Social.<\/a><\/li>\n<li><a href=\"http:\/\/www.cegea.upv.es\/congresos_y_jornadas\/2006_ReformaContable\/\" target=\"_blank\" rel=\"noopener noreferrer\">(2006) CEGEA. Jornada sobre Reforma Contable y Normas Internacionales de Informaci\u00f3n Financiera.<\/a><\/li>\n<li><a href=\"http:\/\/www.cegea.upv.es\/2003\/05\/24\/enuies-2003\/\">(2003) ENUIES. <\/a><a href=\"http:\/\/www.upv.es\/cegea\/enuies\/\" target=\"_blank\" rel=\"noopener noreferrer\">I Encuentro Nacional de Institutos y Centros Universitarios de Investigaci\u00f3n en Econom\u00eda SociaL.<\/a><\/li>\n<\/ul>\n<!-- AddThis Advanced Settings generic via filter on the_content --><!-- AddThis Share Buttons generic via filter on the_content -->","protected":false},"excerpt":{"rendered":"<p>Workshops organizados por la C\u00e1tedra de Integraci\u00f3n Empresarial de Cooperativas Agroalimentarias (CATIECA) (2022) Reputaci\u00f3n corporativa y responsabilidad social corporativas en las empresas cooperativas (2022) Workshop Internacional: Modelos y Experiencias de Integraci\u00f3n Empresarial Cooperativa. Workshops econom\u00eda social, catedra\u00a0 econom\u00eda social CAJAMAR-UPV (2018)\u00a0 Workshop: Las EAP y los procesos de integraci\u00f3n cooperativa. La respuesta ante un mercado [&hellip;]<!-- AddThis Advanced Settings generic via filter on wp_trim_excerpt --><!-- AddThis Share Buttons generic via filter on wp_trim_excerpt --><\/p>\n","protected":false},"author":44080,"featured_media":0,"parent":0,"menu_order":0,"comment_status":"closed","ping_status":"closed","template":"","meta":{"footnotes":""},"class_list":["post-1977","page","type-page","status-publish","hentry","post-preview"],"_links":{"self":[{"href":"https:\/\/cegea.upv.es\/index.php?rest_route=\/wp\/v2\/pages\/1977","targetHints":{"allow":["GET"]}}],"collection":[{"href":"https:\/\/cegea.upv.es\/index.php?rest_route=\/wp\/v2\/pages"}],"about":[{"href":"https:\/\/cegea.upv.es\/index.php?rest_route=\/wp\/v2\/types\/page"}],"author":[{"embeddable":true,"href":"https:\/\/cegea.upv.es\/index.php?rest_route=\/wp\/v2\/users\/44080"}],"replies":[{"embeddable":true,"href":"https:\/\/cegea.upv.es\/index.php?rest_route=%2Fwp%2Fv2%2Fcomments&post=1977"}],"version-history":[{"count":1,"href":"https:\/\/cegea.upv.es\/index.php?rest_route=\/wp\/v2\/pages\/1977\/revisions"}],"predecessor-version":[{"id":8495,"href":"https:\/\/cegea.upv.es\/index.php?rest_route=\/wp\/v2\/pages\/1977\/revisions\/8495"}],"wp:attachment":[{"href":"https:\/\/cegea.upv.es\/index.php?rest_route=%2Fwp%2Fv2%2Fmedia&parent=1977"}],"curies":[{"name":"wp","href":"https:\/\/api.w.org\/{rel}","templated":true}]}}