{"id":9,"date":"2013-11-06T11:22:12","date_gmt":"2013-11-06T10:22:12","guid":{"rendered":"http:\/\/cegea.upv.es\/?page_id=9"},"modified":"2019-12-12T11:59:07","modified_gmt":"2019-12-12T10:59:07","slug":"investigacion","status":"publish","type":"page","link":"https:\/\/cegea.upv.es\/?page_id=9","title":{"rendered":"Investigaci\u00f3n"},"content":{"rendered":"<p style=\"text-align: justify\">Desde sus inicios y hasta la actualidad, la actividad de I+D+i que ha desarrollado CEGEA ha sido muy fruct\u00edfera. Una gran parte de ella se ha realizado al amparo de\u00a0<span style=\"color: #800000\"><b>Proyectos de Investigaci\u00f3n<\/b>\u00a0<\/span>que se financiaron mediante convenios o convocatorias competitivas con las diferentes\u00a0<span style=\"color: #800000\"><b>Administraciones P\u00fablicas<\/b><\/span>\u00a0(UE, Estado, auton\u00f3mica),\u00a0<span style=\"color: #800000\"><b>organismos e instituciones\u00a0\u00a0internacionales<\/b><\/span>\u00a0(FAO, OIT, CIRIEC, IAAER), con\u00a0<span style=\"color: #800000\"><b>entidades cient\u00edficas<\/b>,<b>\u00a0representativas<\/b><\/span>\u00a0(CIRIEC-Espa\u00f1a, AECA, CCAE, FECOAV, UTECO-Valencia, etc.), y con varias de las m\u00e1s importantes\u00a0<span style=\"color: #800000\"><b>empresas y grupos asociativos<\/b><\/span>\u00a0de Espa\u00f1a. Sus resultados se han traducido en un buen n\u00famero de publicaciones de diferente \u00edndole como art\u00edculos en revistas cient\u00edficas arbitradas e indexadas espa\u00f1olas y extranjeras, ponencias y comunicaciones en congresos nacionales e internacionales y monograf\u00edas, que han consolidado el reconocimiento investigador de CEGEA.<\/p>\n<p style=\"text-align: justify\">Ello ha permitido que hasta el momento los miembros de CEGEA hayan obtenido una\u00a0<span style=\"color: #800000\"><b>veintena de sexenios de investigaci\u00f3n<\/b><\/span>, reconocidos por la Comisi\u00f3n Nacional de Evaluaci\u00f3n de la Actividad Investigadora (CNEAI).<\/p>\n<p style=\"text-align: justify\">\nEn 2019 ha sido concedido el proyecto de investigaci\u00f3n \u00abSistemas de protecci\u00f3n y explotaci\u00f3n comercial de las innovaciones en el \u00e1mbito de las variedades vegetales (PROVEG) RTI2018-093666-B-I00\u00bb, financiado por MINECO\/FEDER y dirigido por el catedr\u00e1tico Felipe Palau. <\/p>\n<p style=\"text-align: justify\">Desde CEGEA se lleva a cabo la <span style=\"color: #800000\"><b>coordinaci\u00f3n de la Red Enuies<\/b><\/span>, red universitaria que integra los centros e institutos universitarios espa\u00f1oles de investigaci\u00f3n en econom\u00eda social.<\/p>\n<p style=\"text-align: justify\">Otro de los elementos a destacar es la <span style=\"color: #800000\"><b>creaci\u00f3n desde CEGEA de la Red Internacional ACCOOP <\/b><\/span>(<i>Research Network on Accounting for Cooperatives and Mutual Entities Research Network on Accounting for Cooperatives and Mutual Entities<\/i>) que integra investigadores y profesionales en el \u00e1mbito de la contabilidad de cooperativas.<\/p>\n<p>&nbsp;<\/p>\n<ul>\n<li><a href=\"https:\/\/www.cegea.upv.es\/investigacion\/grupos-y-lineas-de-investigacion\">Grupos y l\u00edneas de Investigaci\u00f3n<\/a><\/li>\n<li><a href=\"https:\/\/www.cegea.upv.es\/investigacion\/proyectos-de-idi\/\">Proyectos de I+D+i<\/a><\/li>\n<li><a href=\"http:\/\/www.cegea.upv.es\/congresos-jornadas-y-workshops\/\">Congresos y Jornadas<\/a><\/li>\n<\/ul>\n<p>&nbsp;<\/p>\n<p>&nbsp;<\/p>\n<!-- AddThis Advanced Settings generic via filter on the_content --><!-- AddThis Share Buttons generic via filter on the_content -->","protected":false},"excerpt":{"rendered":"<p>Desde sus inicios y hasta la actualidad, la actividad de I+D+i que ha desarrollado CEGEA ha sido muy fruct\u00edfera. Una gran parte de ella se ha realizado al amparo de\u00a0Proyectos de Investigaci\u00f3n\u00a0que se financiaron mediante convenios o convocatorias competitivas con las diferentes\u00a0Administraciones P\u00fablicas\u00a0(UE, Estado, auton\u00f3mica),\u00a0organismos e instituciones\u00a0\u00a0internacionales\u00a0(FAO, OIT, CIRIEC, IAAER), con\u00a0entidades cient\u00edficas,\u00a0representativas\u00a0(CIRIEC-Espa\u00f1a, AECA, CCAE, FECOAV, [&hellip;]<!-- AddThis Advanced Settings generic via filter on wp_trim_excerpt --><!-- AddThis Share Buttons generic via filter on wp_trim_excerpt --><\/p>\n","protected":false},"author":349,"featured_media":0,"parent":0,"menu_order":2,"comment_status":"closed","ping_status":"open","template":"","meta":{"footnotes":""},"class_list":["post-9","page","type-page","status-publish","hentry","post-preview"],"_links":{"self":[{"href":"https:\/\/cegea.upv.es\/index.php?rest_route=\/wp\/v2\/pages\/9","targetHints":{"allow":["GET"]}}],"collection":[{"href":"https:\/\/cegea.upv.es\/index.php?rest_route=\/wp\/v2\/pages"}],"about":[{"href":"https:\/\/cegea.upv.es\/index.php?rest_route=\/wp\/v2\/types\/page"}],"author":[{"embeddable":true,"href":"https:\/\/cegea.upv.es\/index.php?rest_route=\/wp\/v2\/users\/349"}],"replies":[{"embeddable":true,"href":"https:\/\/cegea.upv.es\/index.php?rest_route=%2Fwp%2Fv2%2Fcomments&post=9"}],"version-history":[{"count":2,"href":"https:\/\/cegea.upv.es\/index.php?rest_route=\/wp\/v2\/pages\/9\/revisions"}],"predecessor-version":[{"id":7214,"href":"https:\/\/cegea.upv.es\/index.php?rest_route=\/wp\/v2\/pages\/9\/revisions\/7214"}],"wp:attachment":[{"href":"https:\/\/cegea.upv.es\/index.php?rest_route=%2Fwp%2Fv2%2Fmedia&parent=9"}],"curies":[{"name":"wp","href":"https:\/\/api.w.org\/{rel}","templated":true}]}}